ue
Does 38 divide 1131?
False
Is 14 a factor of 551110?
True
Does 3 divide 80100?
True
Is 5 a factor of 341970?
True
Is 31 a factor of 129518?
True
Does 23 divide 7383?
True
Does 217 divide 8474935?
True
Is 5 a factor of 31759?
False
Is 257 a factor of 15069452?
True
Is 844545 a multiple of 71?
True
Does 266 divide 1367784?
False
Does 28 divide 1956250?
False
Does 7 divide 107178?
False
Is 453390 a multiple of 102?
True
Is 1209 a factor of 16268304?
True
Is 105 a factor of 20618?
False
Is 70 a factor of 922040?
True
Does 56 divide 40493?
False
Does 160 divide 116072?
False
Does 322 divide 245042?
True
Does 13 divide 58487?
True
Is 109 a factor of 8031826?
False
Is 326 a factor of 108793?
False
Does 4 divide 218885?
False
Is 262 a factor of 4413390?
True
Is 62 a factor of 10734313?
False
Is 128 a factor of 1471872?
True
Is 715072 a multiple of 4?
True
Does 267 divide 34710?
True
Is 8078626 a multiple of 1087?
False
Does 605 divide 987360?
True
Does 42 divide 91884?
False
Does 90 divide 1201410?
True
Is 519013 a multiple of 29?
True
Is 18 a factor of 1251320?
False
Does 20 divide 427940?
True
Is 10686182 a multiple of 2127?
False
Is 460569 a multiple of 16?
False
Is 11 a factor of 226468?
True
Does 51 divide 2331822?
True
Is 76 a factor of 168796?
True
Does 11 divide 43110?
False
Is 3 a factor of 32641?
False
Does 166 divide 362258?
False
Does 13 divide 341714?
False
Is 33 a factor of 257466?
True
Is 270 a factor of 7005960?
True
Is 29040 a multiple of 15?
True
Is 747921 a multiple of 183?
True
Is 23 a factor of 224825?
True
Is 6679240 a multiple of 37?
True
Is 2163859 a multiple of 651?
False
Is 4 a factor of 52974?
False
Is 206390 a multiple of 15?
False
Is 262792 a multiple of 8?
True
Is 3237270 a multiple of 15?
True
Is 243 a factor of 16761411?
True
Does 75 divide 110775?
True
Does 111 divide 5540451?
False
Is 21584970 a multiple of 15?
True
Does 391 divide 240465?
True
Does 383 divide 9701995?
False
Is 510 a factor of 1796730?
True
Is 3439059 a multiple of 109?
True
Is 37 a factor of 482752?
False
Is 124 a factor of 178436?
True
Is 5263 a multiple of 6?
False
Is 168 a factor of 9522474?
False
Does 383 divide 11725545?
True
Is 220 a factor of 102960?
True
Does 331 divide 907271?
True
Does 8 divide 486304?
True
Does 14 divide 7644?
True
Is 145 a factor of 5215253?
False
Is 4697 a multiple of 16?
False
Does 15 divide 858570?
True
Is 4 a factor of 77192?
True
Is 214 a factor of 2764439?
False
Is 115 a factor of 9278254?
False
Is 192912 a multiple of 35?
False
Is 453 a factor of 766023?
True
Is 15914 a multiple of 73?
True
Is 13282664 a multiple of 696?
False
Does 22 divide 1790201?
False
Does 8 divide 3607072?
True
Does 3 divide 20308?
False
Does 460 divide 2947675?
False
Does 82 divide 100122?
True
Is 868889 a multiple of 19?
True
Does 212 divide 3626695?
False
Is 9032200 a multiple of 10?
True
Is 17 a factor of 473829?
False
Is 61018 a multiple of 8?
False
Does 42 divide 378126?
True
Is 462604 a multiple of 127?
False
Is 230090 a multiple of 95?
True
Does 105 divide 5189100?
True
Is 18507792 a multiple of 1750?
False
Does 6 divide 9610994?
False
Does 266 divide 68868?
False
Is 37842 a multiple of 53?
True
Is 35 a factor of 52535?
True
Is 963036 a multiple of 222?
True
Is 65448 a multiple of 6?
True
Is 4682342 a multiple of 413?
False
Is 9 a factor of 1545701?
False
Does 29 divide 48181?
False
Is 804089 a multiple of 11?
True
Is 8 a factor of 127328?
True
Does 124 divide 42966?
False
Does 10 divide 177980?
True
Is 1081677 a multiple of 159?
True
Does 6 divide 25550?
False
Is 93 a factor of 864638?
False
Is 116 a factor of 1799731?
False
Is 26 a factor of 540358?
True
Is 1452787 a multiple of 287?
False
Is 106341 a multiple of 112?
False
Is 3606080 a multiple of 236?
True
Is 67 a factor of 205221?
True
Does 639 divide 4776147?
False
Is 241 a factor of 10866449?
True
Is 5240339 a multiple of 220?
False
Is 319094 a multiple of 6?
False
Is 354 a factor of 267978?
True
Does 968 divide 2927232?
True
Does 214 divide 2685700?
True
Is 18 a factor of 1049550?
False
Is 324297 a multiple of 27?
True
Is 148 a factor of 106582?
False
Is 29 a factor of 12459444?
True
Is 135 a factor of 427956?
False
Does 11 divide 154601?
False
Is 4454036 a multiple of 58?
False
Is 49 a factor of 233730?
True
Is 1116371 a multiple of 43?
False
Is 3 a factor of 5126355?
True
Does 5 divide 188917?
False
Is 13 a factor of 6615482?
False
Does 13 divide 548388?
False
Is 6 a factor of 470838?
True
Is 513 a factor of 266247?
True
Does 223 divide 192998?
False
Is 154 a factor of 48356?
True
Is 628196 a multiple of 46?
False
Does 17 divide 8538715?
False
Does 42 divide 7115?
False
Is 11 a factor of 110348?
False
Is 275268 a multiple of 21?
True
Is 42 a factor of 24948?
True
Is 1739179 a multiple of 251?
True
Does 91 divide 29757?
True
Is 8 a factor of 234824?
True
Is 447717 a multiple of 3?
True
Is 8 a factor of 72834?
False
Is 12471914 a multiple of 119?
True
Is 2 a factor of 7545?
False
Is 2210 a multiple of 17?
True
Does 67 divide 45091?
True
Does 19 divide 5685864?
True
Is 54096 a multiple of 84?
True
Is 134315 a multiple of 34?
False
Is 18645 even?
False
Is 3268780 a multiple of 14?
False
Is 15775584 a multiple of 11?
True
Is 140 a factor of 135023?
False
Is 116833 a multiple of 189?
False
Is 219 a factor of 298453?
False
Is 34 a factor of 372980?
True
Does 63 divide 1554021?
True
Does 45 divide 118170?
True
Does 42 divide 2055570?
False
Is 307541 a multiple of 13?
True
Is 25 a factor of 140350?
True
Is 203296 a multiple of 32?
True
Does 1166 divide 958452?
True
Does 1192 divide 6540504?
True
Is 110 a factor of 964370?
True
Is 12 a factor of 672972?
True
Is 152878 a multiple of 200?
False
Is 16 a factor of 573488?
True
Does 24 divide 1197336?
True
Is 11 a factor of 163265?
False
Is 103440 a multiple of 8?
True
Does 14 divide 6585544?
True
Does 95 divide 937944?
False
Is 2 a factor of 2257205?
False
Does 6 divide 8415035?
False
Does 61 divide 75866?
False
Is 5542368 a multiple of 24?
True
Does 6 divide 133812?
True
Is 9 a factor of 203749?
False
Is 10 a factor of 32970?
True
Is 93 a factor of 1316744?
False
Is 15144 a multiple of 10?
False
Does 8 divide 8299424?
True
Does 647 divide 1187229?
False
Does 126 divide 22428?
True
Is 12 a factor of 307747?
False
Does 22 divide 58630?
True
Does 12 divide 70855?
False
Is 238 a factor of 933912?
True
Is 1576138 a multiple of 307?
True
Does 319 divide 354850?
False
Is 2883539 a multiple of 4?
False
Does 22 divide 367972?
True
Does 7 divide 2817358?
False
Is 108222 even?
True
Does 135 divide 13935290?
False
Does 119 divide 1858661?
True
Is 250246 a multiple of 268?
False
Is 60 a factor of 9530917?
False
Does 22 divide 1701282?
True
Does 70 divide 611501?
False
Is 8 a factor of 39673?
False
Is 47663 a multiple of 77?
True
Is 82 a factor of 1219012?
True
Is 590 a factor of 65254?
False
Does 23 divide 3050191?
True
Does 11 divide 33627?
True
Does 8 divide 650287?
False
Is 7981732 a multiple of 1282?
True
Is 31 a factor of 2267852?
False
Does 1021 divide 3218536?
False
Does 17 divide 137216?
False
Does 123 divide 58302?
True
Is 264637 a multiple of 11?
False
Is 70 a factor of 250862?
False
Is 14629 a multiple of 13?
False
Is 55 a factor of 290838?
False
Does 31 divide 121865?
False
Is 6653 even?
False
Is 3341962 even?
True
Is 11009775 a multiple of 1157?
False
Is 8304897 a multiple of 177?
False
Is 890 a factor of 4091330?
True
Is 274 a factor of 2395582?
True
Is 461 a factor of 307894?
False
Does 14 divide 1844094?
True
Does 241 divide 9291514?
True
Is 40 a factor of 12649?
False
Is 583 a factor of 11327690?
True
Is 73 a factor of 87886?
False
Is 73853 a multiple of 333?
False
Is 632 a factor of 1379195?
False
Is 117 a factor of 456146?
False
Does 40 divide 223680?
True
Is 130 a factor of 2717260?
True
Is 2875056 a multiple of 58?
False
Is 240329 a multiple of 385?
False
Does 14 divide 168700?
True
Does 50 divide 593400?
True
Is 4 a factor of 906428?
True
Does 98 divide 1507240?
True
Is 17 a factor of 299499?
False
Is 119406 a multiple of 11?
False
Is 115 a factor of 474950?
True
Is 4 a factor of 597760?
True
Does 12 divide 4489032?
True
Is 2145366 a multiple of 513?
True
Is 66 a factor of 193156?
False
Does 5 divide 59833?
False
Is 79 a